{"id":571,"date":"2026-02-08T09:15:34","date_gmt":"2026-02-08T09:15:34","guid":{"rendered":"https:\/\/www.anavelatao.fr\/?page_id=571"},"modified":"2026-03-23T06:48:18","modified_gmt":"2026-03-23T06:48:18","slug":"reglement-interieur","status":"publish","type":"page","link":"https:\/\/www.anavelatao.fr\/index.php\/reglement-interieur\/","title":{"rendered":"R\u00e8glement Int\u00e9rieur"},"content":{"rendered":"\t\t<div data-elementor-type=\"wp-page\" data-elementor-id=\"571\" class=\"elementor elementor-571\">\n\t\t\t\t<div class=\"elementor-element elementor-element-636f8068 e-con-full e-flex e-con e-parent\" data-id=\"636f8068\" data-element_type=\"container\" data-e-type=\"container\">\n\t\t\t\t<\/div>\n\t\t<div class=\"elementor-element elementor-element-2d81586 e-flex e-con-boxed e-con e-parent\" data-id=\"2d81586\" data-element_type=\"container\" data-e-type=\"container\" data-settings=\"{&quot;background_background&quot;:&quot;classic&quot;}\">\n\t\t\t\t\t<div class=\"e-con-inner\">\n\t\t\t\t<div class=\"elementor-element elementor-element-64a3c9b elementor-widget__width-inherit elementor-widget elementor-widget-text-editor\" data-id=\"64a3c9b\" data-element_type=\"widget\" data-e-type=\"widget\" data-widget_type=\"text-editor.default\">\n\t\t\t\t\t\t\t\t\t<p><strong>R\u00e8glement Int\u00e9rieur<\/strong><\/p><p>En attendant le plaisir de vous recevoir dans notre maison d\u2019h\u00f4te, il est bon de rappeler quelques r\u00e8gles.<br \/>Tout client de nos chambres d\u2019h\u00f4tes doit accepter le pr\u00e9sent r\u00e8glement int\u00e9rieur, indispensable au bon fonctionnement de l\u2019\u00e9tablissement, qu\u2019il s\u2019agisse des r\u00e8gles de s\u00e9curit\u00e9, de biens\u00e9ance ou des lois fran\u00e7aises.<br \/>Notre maison d\u2019h\u00f4tes\u00a0Anavel Atao \u00a0n\u2019est pas un h\u00f4tel, ni un lieu public. Il s\u2019agit bien d\u2019un lieu priv\u00e9 o\u00f9 nous vivons en famille. Le public ne peut donc y acc\u00e9der librement. Vous ne pouvez pas non plus y faire venir votre famille ou vos amis m\u00eame si vous louez une chambre chez nous.<br \/>Nous vous accueillons dans notre maison afin de vous faire profiter des lieux et de notre hospitalit\u00e9. Il y a 2 chambres dans notre maison d\u2019h\u00f4tes. Vous ne serez donc pas seuls, c\u2019est pourquoi nous vous invitons \u00e0 venir vivre un ou plusieurs jours avec nous dans un esprit de convivialit\u00e9, \u00a0d\u2019ouverture, de d\u00e9couverte et de respect des h\u00f4tes et des lieux. Profitez de tous les lieux de vie \u00e0 votre disposition dans le respect de l\u2019intimit\u00e9 de chacun.<br \/><strong><br \/><\/strong><\/p><p><strong>Votre arriv\u00e9e<\/strong><br \/>Notre souhait est de vous accueillir dans les meilleures conditions. Aussi nous vous invitons \u00e0 programmer votre arriv\u00e9e \u00e0 partir de 16h00 et ce jusqu\u2019\u00e0 20h00.<br \/>Pour les arriv\u00e9es tardives, tout est possible \u00e0 condition d\u2019une entente pr\u00e9alable.<br \/>Les arriv\u00e9es tardives ou au contraire pr\u00e9coces, par exemple, pour d\u00e9poser les bagages afin de pouvoir visiter le voisinage avec un v\u00e9hicule moins vuln\u00e9rable, font l\u2019objet d\u2019une entente au pr\u00e9alable.<br \/><strong><br \/><\/strong><\/p><p><strong>Les d\u00e9parts<\/strong><br \/>Le dernier jour, les d\u00e9parts se font au plus tard \u00e0 10h30. Nous ne sommes pas des professionnels de l\u2019h\u00f4tellerie, nous devons pouvoir disposer du temps n\u00e9cessaire pour offrir aux personnes qui arrivent ensuite le logement le plus accueillant possible.<br \/><strong><br \/><\/strong><\/p><p><strong>Les petits d\u00e9jeuners<\/strong><br \/>Les petits d\u00e9jeuners sont servis \u00e0 l\u2019int\u00e9rieur ou \u00e0 l\u2019ext\u00e9rieur de la maison si le temps le permet, entre 7h15 et 08:30 heures en semaine et jusqu&rsquo;\u00e0 09:30 le week-end.<br \/><strong><br \/><\/strong><\/p><p><strong>La table d\u2019h\u00f4tes<br \/><\/strong>Si vous souhaitez d\u00eener le soir de votre arriv\u00e9e, n\u2019oubliez pas de nous l\u2019indiquer au moment de votre r\u00e9servation, ou de nous informer au plus tard avant 9 h pour le soir, les jours suivants. Nous vous remercions de nous signaler toute allergie alimentaire.<br \/><strong><br \/><\/strong><\/p><p><strong>Les chambres<\/strong><br \/><span style=\"font-style: inherit; font-weight: inherit;\">Toutes nos chambres ont \u00e9t\u00e9 d\u00e9cor\u00e9es et pr\u00e9par\u00e9es avec soin pour permettre \u00e0 chaque h\u00f4te de s\u2019y sentir bien. Nous vous invitons \u00e0 prendre soin de cet espace de vie dans lequel vous allez s\u00e9journer. D\u2019autres visiteurs vous succ\u00e9deront et appr\u00e9cieront les lieux comme vous l\u2019avez fait.<\/span><\/p><p>Les chambres ne sont pas pr\u00e9vues pour y faire la lessive ou prendre les repas\u2026<br \/>Les visiteurs peuvent aussi acc\u00e9der au Wifi gratuitement. Le t\u00e9l\u00e9chargement ill\u00e9gal est interdit.<br \/>Nous vous invitons \u00e0 surveiller vos effets personnels\u00a0: les objets de valeur (bijoux, appareils multim\u00e9dia, moyens divers de paiement, etc.) ne doivent pas \u00eatre laiss\u00e9s dans les chambres ou dans les v\u00e9hicules en stationnement, les h\u00f4tes d\u00e9clinant toute responsabilit\u00e9 en cas de disparition de ces objets.<br \/><strong><br \/><\/strong><\/p><p><strong>Dispositions g\u00e9n\u00e9rales<\/strong><br \/>En respect du d\u00e9cret N\u00b02006-1386 du 15 novembre 2006, il est interdit de fumer dans les lieux \u00e0 usage collectif. La totalit\u00e9 de l\u2019\u00e9tablissement, chambres comprises est donc non fumeur.<br \/>Dans le cadre de la protection des mineurs, la vente d\u2019alcool est interdite aux mineurs de moins de 18 ans.<br \/>Le client s\u2019engage \u00e0 rendre les chambres en parfait \u00e9tat \u00e0 la fin du s\u00e9jour et \u00e0 d\u00e9clarer, et assumer financi\u00e8rement, toute d\u00e9gradation \u00e9ventuelle dont il pourrait \u00eatre responsable.\u2028Les enfants \u00e9voluant au sein de la propri\u00e9t\u00e9 sont sous l\u2019unique responsabilit\u00e9 de leurs parents.<br \/>La cuisine n\u2019est pas laiss\u00e9e \u00e0 la libre disposition des h\u00f4tes, s\u2019il est indispensable de d\u00e9poser un m\u00e9dicament ou une nourriture particuli\u00e8re dans le r\u00e9frig\u00e9rateur, cela sera bien entendu possible.<br \/>Enfin, m\u00eame si nous appr\u00e9cions beaucoup les animaux, aucun d\u2019entre eux ne pourra s\u00e9journer \u00e0 la maison en votre compagnie et ce, pour des raisons d\u2019hygi\u00e8ne et de s\u00e9curit\u00e9.<br \/><strong><br \/><\/strong><\/p><p><strong>Vols et accidents<\/strong>\u00a0<br \/>Le propri\u00e9taire d\u00e9cline toute responsabilit\u00e9 en cas de vol ou de dommage corporel survenu dans la propri\u00e9t\u00e9.<br \/>En cas de perte des cl\u00e9s, une participation forfaitaire de 50 \u20ac par cl\u00e9 vous sera factur\u00e9e.<br \/><strong><br \/><\/strong><\/p><p><strong>R\u00e9servations<\/strong><br \/>La r\u00e9servation devient effective d\u00e8s lors que le client aura fait parvenir au propri\u00e9taire un acompte de 30 % du montant total du prix du s\u00e9jour<\/p>\t\t\t\t\t\t\t\t<\/div>\n\t\t\t\t\t<\/div>\n\t\t\t\t<\/div>\n\t\t\t\t<\/div>\n\t\t","protected":false},"excerpt":{"rendered":"<p>R\u00e8glement Int\u00e9rieur En attendant le plaisir de vous recevoir dans notre maison d\u2019h\u00f4te, il est bon de rappeler quelques r\u00e8gles.Tout [&hellip;]<\/p>\n","protected":false},"author":1,"featured_media":0,"parent":0,"menu_order":0,"comment_status":"closed","ping_status":"closed","template":"","meta":{"site-sidebar-layout":"default","site-content-layout":"","ast-site-content-layout":"default","site-content-style":"default","site-sidebar-style":"default","ast-global-header-display":"","ast-banner-title-visibility":"","ast-main-header-display":"","ast-hfb-above-header-display":"","ast-hfb-below-header-display":"","ast-hfb-mobile-header-display":"","site-post-title":"","ast-breadcrumbs-content":"","ast-featured-img":"","footer-sml-layout":"","theme-transparent-header-meta":"","adv-header-id-meta":"","stick-header-meta":"","header-above-stick-meta":"","header-main-stick-meta":"","header-below-stick-meta":"","astra-migrate-meta-layouts":"default","ast-page-background-enabled":"default","ast-page-background-meta":{"desktop":{"background-color":"var(--ast-global-color-5)","background-image":"","background-repeat":"repeat","background-position":"center center","background-size":"auto","background-attachment":"scroll","background-type":"","background-media":"","overlay-type":"","overlay-color":"","overlay-opacity":"","overlay-gradient":""},"tablet":{"background-color":"","background-image":"","background-repeat":"repeat","background-position":"center center","background-size":"auto","background-attachment":"scroll","background-type":"","background-media":"","overlay-type":"","overlay-color":"","overlay-opacity":"","overlay-gradient":""},"mobile":{"background-color":"","background-image":"","background-repeat":"repeat","background-position":"center center","background-size":"auto","background-attachment":"scroll","background-type":"","background-media":"","overlay-type":"","overlay-color":"","overlay-opacity":"","overlay-gradient":""}},"ast-content-background-meta":{"desktop":{"background-color":"var(--ast-global-color-4)","background-image":"","background-repeat":"repeat","background-position":"center center","background-size":"auto","background-attachment":"scroll","background-type":"","background-media":"","overlay-type":"","overlay-color":"","overlay-opacity":"","overlay-gradient":""},"tablet":{"background-color":"var(--ast-global-color-4)","background-image":"","background-repeat":"repeat","background-position":"center center","background-size":"auto","background-attachment":"scroll","background-type":"","background-media":"","overlay-type":"","overlay-color":"","overlay-opacity":"","overlay-gradient":""},"mobile":{"background-color":"var(--ast-global-color-4)","background-image":"","background-repeat":"repeat","background-position":"center center","background-size":"auto","background-attachment":"scroll","background-type":"","background-media":"","overlay-type":"","overlay-color":"","overlay-opacity":"","overlay-gradient":""}},"footnotes":""},"class_list":["post-571","page","type-page","status-publish","hentry"],"_links":{"self":[{"href":"https:\/\/www.anavelatao.fr\/index.php\/wp-json\/wp\/v2\/pages\/571","targetHints":{"allow":["GET"]}}],"collection":[{"href":"https:\/\/www.anavelatao.fr\/index.php\/wp-json\/wp\/v2\/pages"}],"about":[{"href":"https:\/\/www.anavelatao.fr\/index.php\/wp-json\/wp\/v2\/types\/page"}],"author":[{"embeddable":true,"href":"https:\/\/www.anavelatao.fr\/index.php\/wp-json\/wp\/v2\/users\/1"}],"replies":[{"embeddable":true,"href":"https:\/\/www.anavelatao.fr\/index.php\/wp-json\/wp\/v2\/comments?post=571"}],"version-history":[{"count":23,"href":"https:\/\/www.anavelatao.fr\/index.php\/wp-json\/wp\/v2\/pages\/571\/revisions"}],"predecessor-version":[{"id":617,"href":"https:\/\/www.anavelatao.fr\/index.php\/wp-json\/wp\/v2\/pages\/571\/revisions\/617"}],"wp:attachment":[{"href":"https:\/\/www.anavelatao.fr\/index.php\/wp-json\/wp\/v2\/media?parent=571"}],"curies":[{"name":"wp","href":"https:\/\/api.w.org\/{rel}","templated":true}]}}